2 - 20*u. List the prime factors of a(1).
53
Suppose 2*z + 2*a = 4*z - 11342, -z = a - 5679. What are the prime factors of z?
5, 227
Let c(l) = -18*l - 17. Let w be c(18). Let q = w - -595. List the prime factors of q.
2, 127
List the prime factors of (-4)/30*-3*69625/50.
557
Let t(f) = -10*f**3 - 4*f**2 - 22. List the prime factors of t(-7).
2, 11, 73
Let m = -17 + 45. Let t = 97 + -103. Let b = m + t. What are the prime factors of b?
2, 11
Let w be (-1)/(-2) - 5/10. Suppose -22*m + 15*m + 1064 = w. List the prime factors of m.
2, 19
Suppose d = -4*d + 270. Suppose 0 = -r + 5*z - d, 2*r = -3*r - z - 218. List the prime factors of (-2)/(-2 - r/23).
23
Suppose 112*l + 2156 = 114*l. What are the prime factors of l?
2, 7, 11
List the prime factors of (12/6)/(699/174 - 4).
2, 29
Suppose 5*w = w - 36. Let z be (w/(-3))/(3/(-21)). What are the prime factors of 12/z - 912/(-28)?
2
Suppose 0 = 5*k + 7 - 2. What are the prime factors of (k/(-4))/(1/16)?
2
Let p(z) be the second derivative of z**4/4 + z**3/2 + z**2 + 6*z. Let g be p(-1). Suppose 18 = g*d - 4. List the prime factors of d.
11
List the prime factors of (-1*3)/(117/(-9165)).
5, 47
Let a be 3 + 4 + -2 + 57. Let x = 20 - a. Let y = 75 + x. List the prime factors of y.
3, 11
Suppose -3*t = -5*z + 16 - 1, -2*t - 6 = -2*z. Suppose 4*i - i - 129 = t. List the prime factors of i.
43
Let t(r) = -2*r + 17. Suppose c - 16 = -29. List the prime factors of t(c).
43
Let t(n) = 3*n + 3 + 2 - 3 - 6. Let k be t(3). Suppose 0 = k*i - 135 + 45. What are the prime factors of i?
2, 3
What are the prime factors of (-28371)/(-7) - -4 - (-4 - 0)?
31, 131
Suppose 0 = -3*r, -2*m + 44 = -3*r + 4. Suppose m*n - 956 = 16*n. List the prime factors of n.
239
Let f be 4*(-3)/(-4) + 4. Suppose f*j = -357 + 1064. List the prime factors of j.
101
Let y = -32 + 563. Suppose -z - y = -3*p, -p - 3*z + 232 - 45 = 0. List the prime factors of p.
2, 89
Suppose -c + 95 = -3*h, c = 2*h + 3*h + 159. Let k be ((-128)/(-6))/(2/6). Let s = h + k. What are the prime factors of s?
2
Let g(i) = 24*i - 10. Let d = -101 - -105. What are the prime factors of g(d)?
2, 43
Let o(m) be the second derivative of -m**5/20 + 5*m**4/6 - 2*m**3/3 + 12*m**2 - 32*m. List the prime factors of o(9).
3, 23
Let n(c) = c**3 + 5*c**2 + 2*c. Let h be n(-3). Let f = -9 + h. Suppose -2*s = f*s - 55. List the prime factors of s.
11
Suppose 4*v - 5*o = -9*o + 3408, 0 = -2*v + 4*o + 1710. What are the prime factors of v?
853
Suppose 0 = -0*t + 4*t - 24. Suppose -3*u = -3*z - 5*u, -3*u - 13 = -2*z. Suppose t = -z*l + 26. List the prime factors of l.
2, 5
List the prime factors of (-16)/40 - (-3 + (-35286)/15).
3, 5, 157
Suppose -6*r + 10*r = 3*q + 9892, 0 = -5*q + 20. What are the prime factors of r?
2, 619
Suppose -c + 2*c + 2 = s, 0 = c - 2. Let i = -8 + s. What are the prime factors of (-56)/12*18/i?
3, 7
Suppose 0 = -18*l + 20*l - 862. What are the prime factors of l?
431
Let u = -1398 - -2601. List the prime factors of u.
3, 401
Let u(s) = -26*s**2 - 4*s - 1. Let p be u(-2). Let m = 159 + p. List the prime factors of m.
2, 31
Suppose -2*z + 5*z - 549 = 0. Suppose -c - t - t = -z, 0 = -3*c - 4*t + 547. What are the prime factors of c?
181
Let a(s) = 6210*s**2 - s + 9. What are the prime factors of a(-1)?
2, 5, 311
Let z = 97 + -94. Let n(v) = 2*v**3 + 5*v**2 - v - 3. What are the prime factors of n(z)?
3, 31
Let l = 28 + 0. Let x = l - 23. Let v(o) = -o**3 + 7*o**2 - 6*o + 12. What are the prime factors of v(x)?
2
Let l = 1608 + -1004. List the prime factors of l.
2, 151
Let u = -14 + 21. Let x(a) = -u*a + a**2 - 4*a - 2*a**2 + 2*a - 4. What are the prime factors of x(-6)?
2, 7
Suppose -12*y = -14*y - 16. Let d = 5 + -3. Let g = d - y. List the prime factors of g.
2, 5
Let m(n) = 3*n**2 - 7*n - 1. Let a = 29 + -26. Let u be m(a). Suppose -u*w + 395 = 2*t, 0 = -2*w + 4*t - 0*t + 182. What are the prime factors of w?
3
Suppose 11*u - 3880 - 4777 = 0. Suppose -4*c - 3*d + 788 = c, 2*d - u = -5*c. List the prime factors of c.
157
Suppose 0*a = -a + 12. Let f = 6 - 9. What are the prime factors of (a/(-1))/f - -9?
13
Suppose 3*o - 225 = -3*y, -4*y + 0*y + 2*o + 294 = 0. Suppose -y*q + 71*q = -414. What are the prime factors of q?
2, 3, 23
Let d(m) = -m**2 - 14*m - 31. Let j be d(-3). Suppose 5*r - 3*b - 113 = 0, 0 = j*r + 2*b - 0*b - 58. List the prime factors of r.
5
Let i(d) = -d**3 + 12*d**2 - 10*d - 9. Let l = 11 + -9. Let g be 0 + l + 1 + 8. List the prime factors of i(g).
2
Suppose -6*b = -2*b + 4*y - 4112, -b = -2*y - 1031. List the prime factors of b.
3, 7
Let z(h) = h**3 + 6*h**2 - 10*h + 3. Let r be (-7)/(28/12) - 4. Let w be z(r). Suppose 2 = -k + w. What are the prime factors of k?
2, 11
Let v = -9 - -12. Suppose h = -v*h - 44. What are the prime factors of (-2)/h + 2958/187?
2
Let t(x) = 3*x**2 - 12*x + 5. Let q be t(4). Suppose -q*y + 244 = 64. List the prime factors of y.
2, 3
What are the prime factors of 18/(-6) + 5*426?
3, 709
Suppose 67*g = 160372 + 127326. List the prime factors of g.
2, 19, 113
What are the prime factors of -5 + 45/10 + 2565/6?
7, 61
Suppose -3*h + 7*h - 1442 = -2*v, -20 = -4*h. List the prime factors of v.
3, 79
Let s = 577 - 310. What are the prime factors of s?
3, 89
Suppose 4*i - 2 = 14. Suppose 4*t - i = 2*b, 3*b = 4*b + 2*t - 2. Suppose -v - 3 + 21 = b. What are the prime factors of v?
2, 3
Suppose -14*d + 3*d = -935. What are the prime factors of d?
5, 17
Let h(i) = 15*i + 9. Let g be h(7). Suppose -f = -4*f + g. List the prime factors of f.
2, 19
Suppose 19 = 4*l + 3. Suppose 5*s - l*k = 44, 4*s + 10 = -5*k + 37. Let q(b) = 3*b + 16. What are the prime factors of q(s)?
2, 5
Let g be (78/(-18))/((-3)/45). Let z be (-278)/5 - (-39)/g. Let y = -18 - z. List the prime factors of y.
37
Let c be 12/(24/4 - 4). Suppose 97 + 47 = c*p. What are the prime factors of p?
2, 3
Let p be (-4 - (-16)/2) + -4. Suppose p*z = z + 8. Let j(a) = -5*a + 11. List the prime factors of j(z).
3, 17
Let o(j) = -6*j - 70. List the prime factors of o(-14).
2, 7
Suppose -4*a + 6*a + 8 = 0. What are the prime factors of (22/a)/((-8)/96)?
2, 3, 11
Let u be (1 - 0)*(0 + 253/1). Suppose 0*g - 2*g = -2*o + 238, 0 = 2*o + g - u. What are the prime factors of o?
2, 31
Suppose -8*c + 23 - 71 = 0. Let j(y) be the first derivative of y**3/3 + y**2 - 8*y - 1. List the prime factors of j(c).
2
List the prime factors of -4 - -1 - (-3722 - -10)/8.
461
Let x = 3 + -1. Let r be (33/9 - 3) + 174/9. Suppose x*o - r = 16. What are the prime factors of o?
2, 3
Let o(q) = 2*q**3 + 3*q**2 + 6*q + 4. Let z be o(5). Suppose z = 2*s + 91. Suppose 2*a + 3*k = 39, -2*k = -5*a + s - 27. What are the prime factors of a?
3, 7
Let c(r) be the third derivative of r**4/12 + r**3/3 - 2*r**2. Suppose a = 4*v - 3*v + 11, 0 = -4*v - 4. What are the prime factors of c(a)?
2, 11
Let p(z) = -25*z + 1786. List the prime factors of p(0).
2, 19, 47
Let k be (-1)/(-2) - 206/(-4). Suppose 2*d = -8 + k. What are the prime factors of d?
2, 11
Let j be 5/((-5)/2) + 4. Suppose -4*d + 588 = 4*t, -3*t - j*t = 4*d - 586. What are the prime factors of d?
149
Suppose 0 = -5*s - 5*g + 20, 5*s + 2*g - 10 - 1 = 0. What are the prime factors of -3 + 7 + s*33?
37
Let p = -93 + 448. What are the prime factors of p?
5, 71
Let b be 4/(38/40 - 1). Let g = -25 - b. Suppose 2*x - g = -3*x. List the prime factors of x.
11
Let p be 38185/(-119) + (-6)/51. Let b = -160 - p. What are the prime factors of b?
7, 23
Let g = 10313 - 6561. What are the prime factors of g?
2, 7, 67
Suppose 7 = -j - 4*x - 1, 4*j - 40 = 2*x. Suppose -5*s = -7 - 13, -j = t - 2*s. Suppose t*l + 50 = 2*l. What are the prime factors of l?
5
Suppose 3*j = 21 - 0. Let p(g) = -g**2 - 5*g + 16. Let q be p(-7). Suppose j = -c + q*c. List the prime factors of c.
7
Let v = 2386 + -1632. What are the prime factors of v?
2, 13, 29
Suppose -5 = -13*h + 12*h. Suppose 5*t - 505 = -0*t - h*w, -t = -2*w - 104. What are the prime factors of t?
2, 3, 17
Let o = -63 + -48. Let h = -10 - o. What are the prime factors of h?
101
Let r = 995 - 621. What are the prime factors of r?
2, 11, 17
What are the prime factors of (-8)/(-14) - 24853/(-203)?
3, 41
Let m = -3 + 11. Suppose -n = -3*n - m. Let v = 40 - n. List the prime factors of v.
2, 11
Let k(t) be the secon